{"id":531,"date":"2019-11-30T06:18:00","date_gmt":"2019-11-30T05:18:00","guid":{"rendered":"https:\/\/biskupijakrk.hr\/mahnic100\/?page_id=531"},"modified":"2020-08-25T09:29:40","modified_gmt":"2020-08-25T07:29:40","slug":"materijali","status":"publish","type":"page","link":"https:\/\/biskupijakrk.hr\/mahnic100\/materijali\/","title":{"rendered":"Materijali i multimedija"},"content":{"rendered":"<p><!--more--><\/p>\n<ul>\n<li><strong><span style=\"font-size: 14pt;\">Mahni\u0107 na Kristovu putu (g. B. Krajcar, t. D. Na\u010dinovi\u0107, arr. O. De\u0161i\u0107)<\/span><\/strong><strong><strong><span style=\"font-size: 14pt;\"><br \/>\n<\/span><\/strong><\/strong><audio class=\"wp-audio-shortcode\" id=\"audio-531-1\" preload=\"none\" style=\"width: 100%;\" controls=\"controls\"><source type=\"audio\/mpeg\" src=\"https:\/\/biskupijakrk.hr\/mahnic100\/wp-content\/uploads\/2019\/12\/Mahnic_na_Kristovu_putu.mp3?_=1\" \/><a href=\"https:\/\/biskupijakrk.hr\/mahnic100\/wp-content\/uploads\/2019\/12\/Mahnic_na_Kristovu_putu.mp3\">https:\/\/biskupijakrk.hr\/mahnic100\/wp-content\/uploads\/2019\/12\/Mahnic_na_Kristovu_putu.mp3<\/a><\/audio><\/p>\n<p>&nbsp;<\/p>\n<p><a href=\"https:\/\/biskupijakrk.hr\/mahnic100\/wp-content\/uploads\/2019\/12\/MAHNI\u0106-NA-KRISTOVU-PUTU-vokal-i-akordi.pdf\">MAHNI\u0106 NA KRISTOVU PUTU &#8211; vokal i akordi<\/a><\/li>\n<li><strong><span style=\"font-size: 14pt;\">Slikovnica &#8220;Div s Jadrana&#8221;<\/span><\/strong><\/li>\n<\/ul>\n<p><a href=\"https:\/\/biskupijakrk.hr\/mahnic100\/3d-flip-book\/slikovnica\/\" target=\"_blank\" rel=\"noopener noreferrer\"><img loading=\"lazy\" decoding=\"async\" class=\"alignnone wp-image-546\" src=\"https:\/\/biskupijakrk.hr\/mahnic100\/wp-content\/uploads\/2019\/11\/div-s-jadrana.png\" alt=\"\" width=\"224\" height=\"224\" srcset=\"https:\/\/biskupijakrk.hr\/mahnic100\/wp-content\/uploads\/2019\/11\/div-s-jadrana.png 888w, https:\/\/biskupijakrk.hr\/mahnic100\/wp-content\/uploads\/2019\/11\/div-s-jadrana-300x300.png 300w, https:\/\/biskupijakrk.hr\/mahnic100\/wp-content\/uploads\/2019\/11\/div-s-jadrana-150x150.png 150w, https:\/\/biskupijakrk.hr\/mahnic100\/wp-content\/uploads\/2019\/11\/div-s-jadrana-768x769.png 768w, https:\/\/biskupijakrk.hr\/mahnic100\/wp-content\/uploads\/2019\/11\/div-s-jadrana-200x200.png 200w\" sizes=\"auto, (max-width: 224px) 100vw, 224px\" \/><\/a><span style=\"font-size: 34pt; color: #ffffff;\">k<\/span><\/p>\n<ul>\n<li><strong><span style=\"font-size: 14pt;\">Glasnik Postulature &#8220;Mahni\u0107evo slovo&#8221; potra\u017eite <a href=\"https:\/\/biskupijakrk.hr\/mahnic100\/mahnicevo-slovo\/\" target=\"_blank\" rel=\"noopener noreferrer\">OVDJE<\/a><br \/>\n<\/span><\/strong><\/li>\n<\/ul>\n<p>&nbsp;<\/p>\n<p>&nbsp;<\/p>\n<p>&nbsp;<\/p>\n<p>&nbsp;<\/p>\n<p>&nbsp;<\/p>\n<p>&nbsp;<\/p>\n<p>&nbsp;<\/p>\n<p>&nbsp;<\/p>\n<p>&nbsp;<\/p>\n<p>&nbsp;<\/p>\n<p>&nbsp;<\/p>\n<p>&nbsp;<\/p>\n<p>&nbsp;<\/p>\n<p>&nbsp;<\/p>\n<p>&nbsp;<\/p>\n<p>&nbsp;<\/p>\n<p>&nbsp;<\/p>\n<ul>\n<li><span style=\"font-size: 14pt;\"><strong>Himna djece Kr\u010dke biskupije: Biskupu Mahni\u0107u<\/strong><\/span><\/li>\n<\/ul>\n<audio class=\"wp-audio-shortcode\" id=\"audio-531-2\" preload=\"none\" style=\"width: 100%;\" controls=\"controls\"><source type=\"audio\/mpeg\" src=\"https:\/\/biskupijakrk.hr\/mahnic100\/wp-content\/uploads\/2019\/12\/Biskupu-Mahnicu.mp3?_=2\" \/><a href=\"https:\/\/biskupijakrk.hr\/mahnic100\/wp-content\/uploads\/2019\/12\/Biskupu-Mahnicu.mp3\">https:\/\/biskupijakrk.hr\/mahnic100\/wp-content\/uploads\/2019\/12\/Biskupu-Mahnicu.mp3<\/a><\/audio>\n<p>&nbsp;<\/p>\n<p><a href=\"https:\/\/biskupijakrk.hr\/mahnic100\/wp-content\/uploads\/2019\/12\/DJECA-BISKUPU-MAHNI\u0106U-note.pdf\">DJECA BISKUPU MAHNI\u0106U &#8211; note<\/a><\/p>\n<p>&nbsp;<\/p>\n","protected":false},"excerpt":{"rendered":"","protected":false},"author":1,"featured_media":0,"parent":0,"menu_order":0,"comment_status":"closed","ping_status":"closed","template":"","meta":{"footnotes":""},"class_list":["post-531","page","type-page","status-publish","hentry"],"_links":{"self":[{"href":"https:\/\/biskupijakrk.hr\/mahnic100\/wp-json\/wp\/v2\/pages\/531","targetHints":{"allow":["GET"]}}],"collection":[{"href":"https:\/\/biskupijakrk.hr\/mahnic100\/wp-json\/wp\/v2\/pages"}],"about":[{"href":"https:\/\/biskupijakrk.hr\/mahnic100\/wp-json\/wp\/v2\/types\/page"}],"author":[{"embeddable":true,"href":"https:\/\/biskupijakrk.hr\/mahnic100\/wp-json\/wp\/v2\/users\/1"}],"replies":[{"embeddable":true,"href":"https:\/\/biskupijakrk.hr\/mahnic100\/wp-json\/wp\/v2\/comments?post=531"}],"version-history":[{"count":30,"href":"https:\/\/biskupijakrk.hr\/mahnic100\/wp-json\/wp\/v2\/pages\/531\/revisions"}],"predecessor-version":[{"id":1817,"href":"https:\/\/biskupijakrk.hr\/mahnic100\/wp-json\/wp\/v2\/pages\/531\/revisions\/1817"}],"wp:attachment":[{"href":"https:\/\/biskupijakrk.hr\/mahnic100\/wp-json\/wp\/v2\/media?parent=531"}],"curies":[{"name":"wp","href":"https:\/\/api.w.org\/{rel}","templated":true}]}}

<p><!--more--></p>
<ul>
<li><strong><span style="font-size: 14pt;">Mahnić na Kristovu putu (g. B. Krajcar, t. D. Načinović, arr. O. Dešić)</span></strong><strong><strong><span style="font-size: 14pt;"><br />
</span></strong></strong><audio class="wp-audio-shortcode" id="audio-531-1" preload="none" style="width: 100%;" controls="controls"><source type="audio/mpeg" src="https://biskupijakrk.hr/mahnic100/wp-content/uploads/2019/12/Mahnic_na_Kristovu_putu.mp3?_=1" /><a href="https://biskupijakrk.hr/mahnic100/wp-content/uploads/2019/12/Mahnic_na_Kristovu_putu.mp3">https://biskupijakrk.hr/mahnic100/wp-content/uploads/2019/12/Mahnic_na_Kristovu_putu.mp3</a></audio></p>
<p>&nbsp;</p>
<p><a href="https://biskupijakrk.hr/mahnic100/wp-content/uploads/2019/12/MAHNIĆ-NA-KRISTOVU-PUTU-vokal-i-akordi.pdf">MAHNIĆ NA KRISTOVU PUTU &#8211; vokal i akordi</a></li>
<li><strong><span style="font-size: 14pt;">Slikovnica &#8220;Div s Jadrana&#8221;</span></strong></li>
</ul>
<p><a href="https://biskupijakrk.hr/mahnic100/3d-flip-book/slikovnica/" target="_blank" rel="noopener noreferrer"><img loading="lazy" decoding="async" class="alignnone wp-image-546" src="https://biskupijakrk.hr/mahnic100/wp-content/uploads/2019/11/div-s-jadrana.png" alt="" width="224" height="224" srcset="https://biskupijakrk.hr/mahnic100/wp-content/uploads/2019/11/div-s-jadrana.png 888w, https://biskupijakrk.hr/mahnic100/wp-content/uploads/2019/11/div-s-jadrana-300x300.png 300w, https://biskupijakrk.hr/mahnic100/wp-content/uploads/2019/11/div-s-jadrana-150x150.png 150w, https://biskupijakrk.hr/mahnic100/wp-content/uploads/2019/11/div-s-jadrana-768x769.png 768w, https://biskupijakrk.hr/mahnic100/wp-content/uploads/2019/11/div-s-jadrana-200x200.png 200w" sizes="auto, (max-width: 224px) 100vw, 224px" /></a><span style="font-size: 34pt; color: #ffffff;">k</span></p>
<ul>
<li><strong><span style="font-size: 14pt;">Glasnik Postulature &#8220;Mahnićevo slovo&#8221; potražite <a href="https://biskupijakrk.hr/mahnic100/mahnicevo-slovo/" target="_blank" rel="noopener noreferrer">OVDJE</a><br />
</span></strong></li>
</ul>
<p>&nbsp;</p>
<p>&nbsp;</p>
<p>&nbsp;</p>
<p>&nbsp;</p>
<p>&nbsp;</p>
<p>&nbsp;</p>
<p>&nbsp;</p>
<p>&nbsp;</p>
<p>&nbsp;</p>
<p>&nbsp;</p>
<p>&nbsp;</p>
<p>&nbsp;</p>
<p>&nbsp;</p>
<p>&nbsp;</p>
<p>&nbsp;</p>
<p>&nbsp;</p>
<p>&nbsp;</p>
<ul>
<li><span style="font-size: 14pt;"><strong>Himna djece Krčke biskupije: Biskupu Mahniću</strong></span></li>
</ul>
<audio class="wp-audio-shortcode" id="audio-531-2" preload="none" style="width: 100%;" controls="controls"><source type="audio/mpeg" src="https://biskupijakrk.hr/mahnic100/wp-content/uploads/2019/12/Biskupu-Mahnicu.mp3?_=2" /><a href="https://biskupijakrk.hr/mahnic100/wp-content/uploads/2019/12/Biskupu-Mahnicu.mp3">https://biskupijakrk.hr/mahnic100/wp-content/uploads/2019/12/Biskupu-Mahnicu.mp3</a></audio>
<p>&nbsp;</p>
<p><a href="https://biskupijakrk.hr/mahnic100/wp-content/uploads/2019/12/DJECA-BISKUPU-MAHNIĆU-note.pdf">DJECA BISKUPU MAHNIĆU &#8211; note</a></p>
<p>&nbsp;</p>
